{"id":160,"date":"2020-03-13T14:41:34","date_gmt":"2020-03-13T14:41:34","guid":{"rendered":"http:\/\/antoinea.sg-host.com\/?page_id=160"},"modified":"2024-06-08T11:25:49","modified_gmt":"2024-06-08T09:25:49","slug":"du-correlations-anatomo-physiologiques-en-imagerie-thoracique-2","status":"publish","type":"page","link":"https:\/\/ajpo2.org\/www\/la-pneumologie\/les-du-et-diu-accessibles-en-pneumologie\/du-correlations-anatomo-physiologiques-en-imagerie-thoracique-2\/","title":{"rendered":"DU Corr\u00e9lations anatomo-physiologiques en imagerie thoracique"},"content":{"rendered":"\t\t<div data-elementor-type=\"wp-page\" data-elementor-id=\"160\" class=\"elementor elementor-160\">\n\t\t\t\t<div class=\"elementor-element elementor-element-25e1a81 e-flex e-con-boxed elementor-invisible e-con e-parent\" data-id=\"25e1a81\" data-element_type=\"container\" data-e-type=\"container\" data-settings=\"{&quot;background_background&quot;:&quot;classic&quot;,&quot;animation&quot;:&quot;slideInUp&quot;}\">\n\t\t\t\t\t<div class=\"e-con-inner\">\n\t\t\t\t<div class=\"elementor-element elementor-element-ff81eec elementor-widget elementor-widget-heading\" data-id=\"ff81eec\" data-element_type=\"widget\" data-e-type=\"widget\" data-widget_type=\"heading.default\">\n\t\t\t\t<div class=\"elementor-widget-container\">\n\t\t\t\t\t<h2 class=\"elementor-heading-title elementor-size-default\">DU Corr\u00e9lations Anatomopathologiques en Imagerie Thoracique<\/h2>\t\t\t\t<\/div>\n\t\t\t\t<\/div>\n\t\t\t\t\t<\/div>\n\t\t\t\t<\/div>\n\t\t<div class=\"elementor-element elementor-element-33dbb749 e-flex e-con-boxed e-con e-parent\" data-id=\"33dbb749\" data-element_type=\"container\" data-e-type=\"container\">\n\t\t\t\t\t<div class=\"e-con-inner\">\n\t\t\t\t<div class=\"elementor-element elementor-element-504e098c elementor-widget elementor-widget-text-editor\" data-id=\"504e098c\" data-element_type=\"widget\" data-e-type=\"widget\" data-widget_type=\"text-editor.default\">\n\t\t\t\t<div class=\"elementor-widget-container\">\n\t\t\t\t\t\t\t\t\t\n<p><strong>Universit\u00e9&nbsp;:<\/strong>&nbsp;Nancy<\/p>\n\n\n\n<p><strong>Responsables de la formation&nbsp;:<\/strong>&nbsp;Pr F. Chabot, Pr Y. Martinet, Pr D. R\u00e9gent<\/p>\n\n\n\n<p><strong>Dur\u00e9e de l\u2019enseignement&nbsp;:<\/strong>&nbsp;1 an<\/p>\n\n\n\n<p><strong>Nombre d\u2019heures&nbsp;:<\/strong><\/p>\n\n\n\n<p><strong>Modalit\u00e9s du contr\u00f4le des connaissances&nbsp;:<\/strong><\/p>\n\n\n\n<p><strong>Co\u00fbt d\u2019inscription&nbsp;:<\/strong>&nbsp;165 \u20ac<\/p>\n\n\n\n<p><strong>Informations&nbsp;et renseignements&nbsp;:<\/strong><\/p>\n\n\n\n<p>\u2013 Pr REGENT \u2013 Radiologie \u2013 Brabois, T\u00e9l : 03 83 15 41 81, Secr\u00e9taire Mme LANOIX \u2013 T\u00e9l : 03 83 15 34 00, <a href=\"mailto:v.lanoix@chu-nancy.fr\">v.lanoix@chu-nancy.fr<\/a><\/p>\n\n\n\n<p>\u2013 Pr MARTINET \u2013 Pneumologie \u2013Brabois, Secr\u00e9tariat : Mme CAMPS, T\u00e9l : 03 83 15 35 80, <a href=\"mailto:e.camps@chu-nancy.fr\">e.camps@chu-nancy.fr<\/a><\/p>\n\t\t\t\t\t\t\t\t<\/div>\n\t\t\t\t<\/div>\n\t\t\t\t\t<\/div>\n\t\t\t\t<\/div>\n\t\t<div class=\"elementor-element elementor-element-821fc58 e-flex e-con-boxed e-con e-parent\" data-id=\"821fc58\" data-element_type=\"container\" data-e-type=\"container\">\n\t\t\t\t\t<div class=\"e-con-inner\">\n\t\t<div class=\"elementor-element elementor-element-2e85a05 e-flex e-con-boxed e-con e-child\" data-id=\"2e85a05\" data-element_type=\"container\" data-e-type=\"container\">\n\t\t\t\t\t<div class=\"e-con-inner\">\n\t\t\t\t<div class=\"elementor-element elementor-element-7d7a55c elementor-widget elementor-widget-eael-creative-button\" data-id=\"7d7a55c\" data-element_type=\"widget\" data-e-type=\"widget\" data-widget_type=\"eael-creative-button.default\">\n\t\t\t\t<div class=\"elementor-widget-container\">\n\t\t\t\t\t        <div class=\"eael-creative-button-wrapper\">\n\n            <a class=\"eael-creative-button eael-creative-button--winona eael-cb-icon-position-left\" href=\"https:\/\/ajpo2.org\/www\/la-pneumologie\/les-du-et-diu-accessibles-en-pneumologie\/\" data-text=\"Retour \u00e0 la page\">\n            \t    \n                <div class=\"creative-button-inner\">\n\n                                            <span class=\"eael-creative-button-icon-left\"><svg aria-hidden=\"true\" class=\"e-font-icon-svg e-fas-list\" viewBox=\"0 0 512 512\" xmlns=\"http:\/\/www.w3.org\/2000\/svg\"><path d=\"M80 368H16a16 16 0 0 0-16 16v64a16 16 0 0 0 16 16h64a16 16 0 0 0 16-16v-64a16 16 0 0 0-16-16zm0-320H16A16 16 0 0 0 0 64v64a16 16 0 0 0 16 16h64a16 16 0 0 0 16-16V64a16 16 0 0 0-16-16zm0 160H16a16 16 0 0 0-16 16v64a16 16 0 0 0 16 16h64a16 16 0 0 0 16-16v-64a16 16 0 0 0-16-16zm416 176H176a16 16 0 0 0-16 16v32a16 16 0 0 0 16 16h320a16 16 0 0 0 16-16v-32a16 16 0 0 0-16-16zm0-320H176a16 16 0 0 0-16 16v32a16 16 0 0 0 16 16h320a16 16 0 0 0 16-16V80a16 16 0 0 0-16-16zm0 160H176a16 16 0 0 0-16 16v32a16 16 0 0 0 16 16h320a16 16 0 0 0 16-16v-32a16 16 0 0 0-16-16z\"><\/path><\/svg><\/span>                    \n                    <span class=\"cretive-button-text\">Les DIU et DU disponibles en pneumologie<\/span>\n\n                                    <\/div>\n\t                        <\/a>\n        <\/div>\n        \t\t\t\t<\/div>\n\t\t\t\t<\/div>\n\t\t\t\t\t<\/div>\n\t\t\t\t<\/div>\n\t\t\t\t\t<\/div>\n\t\t\t\t<\/div>\n\t\t\t\t<\/div>\n\t\t","protected":false},"excerpt":{"rendered":"<p>DU Corr\u00e9lations Anatomopathologiques en Imagerie Thoracique Universit\u00e9&nbsp;:&nbsp;Nancy Responsables de la formation&nbsp;:&nbsp;Pr F. Chabot, Pr Y. Martinet, Pr D. R\u00e9gent Dur\u00e9e de l\u2019enseignement&nbsp;:&nbsp;1 an Nombre d\u2019heures&nbsp;: Modalit\u00e9s du contr\u00f4le des connaissances&nbsp;: Co\u00fbt d\u2019inscription&nbsp;:&nbsp;165 \u20ac Informations&nbsp;et renseignements&nbsp;: \u2013 Pr REGENT \u2013 Radiologie \u2013 Brabois, T\u00e9l : 03 83 15 41 81, Secr\u00e9taire Mme LANOIX \u2013 T\u00e9l : [&hellip;]<\/p>\n","protected":false},"author":1,"featured_media":0,"parent":14,"menu_order":0,"comment_status":"closed","ping_status":"closed","template":"","meta":{"_seopress_robots_primary_cat":"","_seopress_titles_title":"","_seopress_titles_desc":"","_seopress_robots_index":"","_monsterinsights_skip_tracking":false,"_monsterinsights_sitenote_active":false,"_monsterinsights_sitenote_note":"","_monsterinsights_sitenote_category":0,"_themeisle_gutenberg_block_has_review":false,"footnotes":""},"class_list":["post-160","page","type-page","status-publish","hentry"],"_links":{"self":[{"href":"https:\/\/ajpo2.org\/www\/wp-json\/wp\/v2\/pages\/160","targetHints":{"allow":["GET"]}}],"collection":[{"href":"https:\/\/ajpo2.org\/www\/wp-json\/wp\/v2\/pages"}],"about":[{"href":"https:\/\/ajpo2.org\/www\/wp-json\/wp\/v2\/types\/page"}],"author":[{"embeddable":true,"href":"https:\/\/ajpo2.org\/www\/wp-json\/wp\/v2\/users\/1"}],"replies":[{"embeddable":true,"href":"https:\/\/ajpo2.org\/www\/wp-json\/wp\/v2\/comments?post=160"}],"version-history":[{"count":6,"href":"https:\/\/ajpo2.org\/www\/wp-json\/wp\/v2\/pages\/160\/revisions"}],"predecessor-version":[{"id":2662,"href":"https:\/\/ajpo2.org\/www\/wp-json\/wp\/v2\/pages\/160\/revisions\/2662"}],"up":[{"embeddable":true,"href":"https:\/\/ajpo2.org\/www\/wp-json\/wp\/v2\/pages\/14"}],"wp:attachment":[{"href":"https:\/\/ajpo2.org\/www\/wp-json\/wp\/v2\/media?parent=160"}],"curies":[{"name":"wp","href":"https:\/\/api.w.org\/{rel}","templated":true}]}}