{"id":196,"date":"2020-03-13T14:54:28","date_gmt":"2020-03-13T14:54:28","guid":{"rendered":"http:\/\/antoinea.sg-host.com\/?page_id=196"},"modified":"2024-06-14T08:46:30","modified_gmt":"2024-06-14T06:46:30","slug":"diu-ventilation-non-invasive","status":"publish","type":"page","link":"https:\/\/ajpo2.org\/www\/la-pneumologie\/les-du-et-diu-accessibles-en-pneumologie\/diu-ventilation-non-invasive\/","title":{"rendered":"DIU ventilation non invasive"},"content":{"rendered":"\t\t<div data-elementor-type=\"wp-page\" data-elementor-id=\"196\" class=\"elementor elementor-196\">\n\t\t\t\t<div class=\"elementor-element elementor-element-7c6acc4c e-flex e-con-boxed elementor-invisible e-con e-parent\" data-id=\"7c6acc4c\" data-element_type=\"container\" data-e-type=\"container\" data-settings=\"{&quot;background_background&quot;:&quot;classic&quot;,&quot;animation&quot;:&quot;slideInUp&quot;}\">\n\t\t\t\t\t<div class=\"e-con-inner\">\n\t\t\t\t<div class=\"elementor-element elementor-element-7d02d1d0 elementor-widget elementor-widget-heading\" data-id=\"7d02d1d0\" data-element_type=\"widget\" data-e-type=\"widget\" data-widget_type=\"heading.default\">\n\t\t\t\t<div class=\"elementor-widget-container\">\n\t\t\t\t\t<h2 class=\"elementor-heading-title elementor-size-default\">DIU Ventilation non invasive<\/h2>\t\t\t\t<\/div>\n\t\t\t\t<\/div>\n\t\t\t\t\t<\/div>\n\t\t\t\t<\/div>\n\t\t<div class=\"elementor-element elementor-element-5d5d371e e-flex e-con-boxed e-con e-parent\" data-id=\"5d5d371e\" data-element_type=\"container\" data-e-type=\"container\">\n\t\t\t\t\t<div class=\"e-con-inner\">\n\t\t\t\t<div class=\"elementor-element elementor-element-5d068c56 elementor-widget elementor-widget-text-editor\" data-id=\"5d068c56\" data-element_type=\"widget\" data-e-type=\"widget\" data-widget_type=\"text-editor.default\">\n\t\t\t\t<div class=\"elementor-widget-container\">\n\t\t\t\t\t\t\t\t\t\n<p><strong>Universit\u00e9s&nbsp;:<\/strong>&nbsp;Lyon, Montpellier<\/p>\n\n\n\n<p><strong>Responsables de la formation&nbsp;:<\/strong>&nbsp;Pr&nbsp;Laurent&nbsp;ARGAUD (Lyon), Pr Olivier JONQUET (Montpellier)<\/p>\n\n\n\n<p><strong>Dur\u00e9e de l\u2019enseignement&nbsp;:<\/strong>&nbsp;1&nbsp;an<\/p>\n\n\n\n<p><strong>Nombre d\u2019heures&nbsp;:<\/strong>&nbsp;120 h (dont 40 h de pratique)<\/p>\n\n\n\n<p><strong>Modalit\u00e9s du contr\u00f4le des connaissances<\/strong>&nbsp;:&nbsp;\u00e9preuve \u00e9crite et orale<\/p>\n\n\n\n<p><strong>Co\u00fbt d\u2019inscription&nbsp;:<\/strong>&nbsp;479 \u20ac<\/p>\n\n\n\n<p><strong>Informations:<\/strong><\/p>\n\n\n\n<p><a href=\"http:\/\/offre-de-formations.univ-lyon1.fr\/front_fiche_parcours3.php?PARCOURS_ID=674\">http:\/\/offre-de-formations.univ-lyon1.fr\/front_fiche_parcours3.php?PARCOURS_ID=674<\/a><\/p>\n\n\n\n<p><strong>Renseignements :<\/strong>&nbsp;Universit\u00e9 Claude Bernard Lyon 1, Service des Sp\u00e9cialit\u00e9s M\u00e9dicales, 8 Avenue Rockefeller, 69373 LYON cedex 08&nbsp;; Tel : 04 78 77 75 70&nbsp;; <a href=\"mailto:liliane.roche@chu-lyon.fr\">liliane.roche@chu-lyon.fr<\/a><\/p>\n\t\t\t\t\t\t\t\t<\/div>\n\t\t\t\t<\/div>\n\t\t\t\t\t<\/div>\n\t\t\t\t<\/div>\n\t\t<div class=\"elementor-element elementor-element-1191ef0d e-flex e-con-boxed e-con e-parent\" data-id=\"1191ef0d\" data-element_type=\"container\" data-e-type=\"container\">\n\t\t\t\t\t<div class=\"e-con-inner\">\n\t\t\t\t<div class=\"elementor-element elementor-element-1604763b elementor-widget elementor-widget-eael-creative-button\" data-id=\"1604763b\" data-element_type=\"widget\" data-e-type=\"widget\" data-widget_type=\"eael-creative-button.default\">\n\t\t\t\t<div class=\"elementor-widget-container\">\n\t\t\t\t\t        <div class=\"eael-creative-button-wrapper\">\n\n            <a class=\"eael-creative-button eael-creative-button--winona eael-cb-icon-position-left\" href=\"https:\/\/ajpo2.org\/www\/la-pneumologie\/les-du-et-diu-accessibles-en-pneumologie\/\" data-text=\"Retour \u00e0 la page\">\n            \t    \n                <div class=\"creative-button-inner\">\n\n                                            <span class=\"eael-creative-button-icon-left\"><svg aria-hidden=\"true\" class=\"e-font-icon-svg e-fas-list\" viewBox=\"0 0 512 512\" xmlns=\"http:\/\/www.w3.org\/2000\/svg\"><path d=\"M80 368H16a16 16 0 0 0-16 16v64a16 16 0 0 0 16 16h64a16 16 0 0 0 16-16v-64a16 16 0 0 0-16-16zm0-320H16A16 16 0 0 0 0 64v64a16 16 0 0 0 16 16h64a16 16 0 0 0 16-16V64a16 16 0 0 0-16-16zm0 160H16a16 16 0 0 0-16 16v64a16 16 0 0 0 16 16h64a16 16 0 0 0 16-16v-64a16 16 0 0 0-16-16zm416 176H176a16 16 0 0 0-16 16v32a16 16 0 0 0 16 16h320a16 16 0 0 0 16-16v-32a16 16 0 0 0-16-16zm0-320H176a16 16 0 0 0-16 16v32a16 16 0 0 0 16 16h320a16 16 0 0 0 16-16V80a16 16 0 0 0-16-16zm0 160H176a16 16 0 0 0-16 16v32a16 16 0 0 0 16 16h320a16 16 0 0 0 16-16v-32a16 16 0 0 0-16-16z\"><\/path><\/svg><\/span>                    \n                    <span class=\"cretive-button-text\">Les DIU et DU disponibles en pneumologie<\/span>\n\n                                    <\/div>\n\t                        <\/a>\n        <\/div>\n        \t\t\t\t<\/div>\n\t\t\t\t<\/div>\n\t\t\t\t\t<\/div>\n\t\t\t\t<\/div>\n\t\t\t\t<\/div>\n\t\t","protected":false},"excerpt":{"rendered":"<p>DIU Ventilation non invasive Universit\u00e9s&nbsp;:&nbsp;Lyon, Montpellier Responsables de la formation&nbsp;:&nbsp;Pr&nbsp;Laurent&nbsp;ARGAUD (Lyon), Pr Olivier JONQUET (Montpellier) Dur\u00e9e de l\u2019enseignement&nbsp;:&nbsp;1&nbsp;an Nombre d\u2019heures&nbsp;:&nbsp;120 h (dont 40 h de pratique) Modalit\u00e9s du contr\u00f4le des connaissances&nbsp;:&nbsp;\u00e9preuve \u00e9crite et orale Co\u00fbt d\u2019inscription&nbsp;:&nbsp;479 \u20ac Informations: http:\/\/offre-de-formations.univ-lyon1.fr\/front_fiche_parcours3.php?PARCOURS_ID=674 Renseignements :&nbsp;Universit\u00e9 Claude Bernard Lyon 1, Service des Sp\u00e9cialit\u00e9s M\u00e9dicales, 8 Avenue Rockefeller, 69373 LYON cedex [&hellip;]<\/p>\n","protected":false},"author":1,"featured_media":0,"parent":14,"menu_order":0,"comment_status":"closed","ping_status":"closed","template":"","meta":{"_seopress_robots_primary_cat":"","_seopress_titles_title":"","_seopress_titles_desc":"","_seopress_robots_index":"","_monsterinsights_skip_tracking":false,"_monsterinsights_sitenote_active":false,"_monsterinsights_sitenote_note":"","_monsterinsights_sitenote_category":0,"_themeisle_gutenberg_block_has_review":false,"footnotes":""},"class_list":["post-196","page","type-page","status-publish","hentry"],"_links":{"self":[{"href":"https:\/\/ajpo2.org\/www\/wp-json\/wp\/v2\/pages\/196","targetHints":{"allow":["GET"]}}],"collection":[{"href":"https:\/\/ajpo2.org\/www\/wp-json\/wp\/v2\/pages"}],"about":[{"href":"https:\/\/ajpo2.org\/www\/wp-json\/wp\/v2\/types\/page"}],"author":[{"embeddable":true,"href":"https:\/\/ajpo2.org\/www\/wp-json\/wp\/v2\/users\/1"}],"replies":[{"embeddable":true,"href":"https:\/\/ajpo2.org\/www\/wp-json\/wp\/v2\/comments?post=196"}],"version-history":[{"count":3,"href":"https:\/\/ajpo2.org\/www\/wp-json\/wp\/v2\/pages\/196\/revisions"}],"predecessor-version":[{"id":3218,"href":"https:\/\/ajpo2.org\/www\/wp-json\/wp\/v2\/pages\/196\/revisions\/3218"}],"up":[{"embeddable":true,"href":"https:\/\/ajpo2.org\/www\/wp-json\/wp\/v2\/pages\/14"}],"wp:attachment":[{"href":"https:\/\/ajpo2.org\/www\/wp-json\/wp\/v2\/media?parent=196"}],"curies":[{"name":"wp","href":"https:\/\/api.w.org\/{rel}","templated":true}]}}