{"id":3752,"date":"2024-06-21T14:40:53","date_gmt":"2024-06-21T12:40:53","guid":{"rendered":"https:\/\/ajpo2.org\/www\/?page_id=3752"},"modified":"2024-06-29T10:24:35","modified_gmt":"2024-06-29T08:24:35","slug":"la-journee-pneumo-socle","status":"publish","type":"page","link":"https:\/\/ajpo2.org\/www\/la-journee-pneumo-socle\/","title":{"rendered":"La journ\u00e9e Pneumo-Socle"},"content":{"rendered":"\t\t<div data-elementor-type=\"wp-page\" data-elementor-id=\"3752\" class=\"elementor elementor-3752\">\n\t\t\t\t<div class=\"elementor-element elementor-element-5450377 e-flex e-con-boxed elementor-invisible e-con e-parent\" data-id=\"5450377\" data-element_type=\"container\" data-e-type=\"container\" data-settings=\"{&quot;background_background&quot;:&quot;classic&quot;,&quot;animation&quot;:&quot;slideInUp&quot;}\">\n\t\t\t\t\t<div class=\"e-con-inner\">\n\t\t\t\t<div class=\"elementor-element elementor-element-7edcd6e elementor-widget elementor-widget-heading\" data-id=\"7edcd6e\" data-element_type=\"widget\" data-e-type=\"widget\" data-widget_type=\"heading.default\">\n\t\t\t\t<div class=\"elementor-widget-container\">\n\t\t\t\t\t<h2 class=\"elementor-heading-title elementor-size-default\">La journ\u00e9e Pneumo-Socle<\/h2>\t\t\t\t<\/div>\n\t\t\t\t<\/div>\n\t\t\t\t\t<\/div>\n\t\t\t\t<\/div>\n\t\t<div class=\"elementor-element elementor-element-f429a22 e-flex e-con-boxed elementor-invisible e-con e-parent\" data-id=\"f429a22\" data-element_type=\"container\" data-e-type=\"container\" data-settings=\"{&quot;animation&quot;:&quot;slideInUp&quot;}\">\n\t\t\t\t\t<div class=\"e-con-inner\">\n\t\t\t\t<div class=\"elementor-element elementor-element-0701540 elementor-widget elementor-widget-text-editor\" data-id=\"0701540\" data-element_type=\"widget\" data-e-type=\"widget\" data-widget_type=\"text-editor.default\">\n\t\t\t\t<div class=\"elementor-widget-container\">\n\t\t\t\t\t\t\t\t\t<h4><span style=\"font-weight: 400;\">Date\u00a0: 22 novembre 2024<\/span><\/h4><h4><span style=\"font-weight: 400;\">Lieu\u00a0: Maison de la pneumologie, 68 boulevard Saint Michel \u00e0 Paris\u00a0<\/span><\/h4><h4><span style=\"font-weight: 400;\">Hybride avec lien de connexion \u00e0 venir<\/span><\/h4><p>\u00a0<\/p><p><span style=\"font-weight: 400;\">Pour la premi\u00e8re fois cette ann\u00e9e, l\u2019AJPO2 organise une journ\u00e9e d\u2019accueil nationale des internes en phase socle, la \u00ab\u00a0Pneumosocle\u00a0\u00bb. Cette journ\u00e9e a pour but de pr\u00e9senter la Soci\u00e9t\u00e9 de pneumologie de Langue Fran\u00e7aise (SPLF) et l\u2019AJPO2 aux nouveaux internes de pneumologie.<\/span><\/p><p><span style=\"font-weight: 400;\">Ensuite, se succ\u00e8deront la pr\u00e9sentation des diff\u00e9rentes formations sp\u00e9cialis\u00e9es transversales (FST) (maladies allergiques, oncologie, sommeil etc), de l\u2019option soins intensifs et du G-echo. Nous discuterons \u00e9galement des master 2 et des mobilit\u00e9s type interCHU et \u00e9change UGO.<\/span><\/p><p><span style=\"font-weight: 400;\">La journ\u00e9e se terminera par les \u00ab\u00a010 boulettes \u00e0 ne pas faire en pneumologie\u00a0\u00bb<\/span><\/p><p><span style=\"font-weight: 400;\">Ce sera l\u2019occasion de se rencontrer et d\u2019\u00e9changer pour d\u00e9buter l\u2019internat de fa\u00e7on la plus sereine possible\u00a0!\u00a0<\/span><\/p><p><span style=\"font-weight: 400;\">Le programme complet et des informations compl\u00e9mentaires seront diffus\u00e9es par mail et par les r\u00e9seaux sociaux \u00e0 la fin de l\u2019\u00e9t\u00e9\u00a0!\u00a0<\/span><\/p><p><span style=\"font-weight: 400;\">En esp\u00e9rant que cette journ\u00e9e vous plaira\u00a0!<\/span><\/p>\t\t\t\t\t\t\t\t<\/div>\n\t\t\t\t<\/div>\n\t\t\t\t\t<\/div>\n\t\t\t\t<\/div>\n\t\t\t\t<\/div>\n\t\t","protected":false},"excerpt":{"rendered":"<p>La journ\u00e9e Pneumo-Socle Date\u00a0: 22 novembre 2024 Lieu\u00a0: Maison de la pneumologie, 68 boulevard Saint Michel \u00e0 Paris\u00a0 Hybride avec lien de connexion \u00e0 venir \u00a0 Pour la premi\u00e8re fois cette ann\u00e9e, l\u2019AJPO2 organise une journ\u00e9e d\u2019accueil nationale des internes en phase socle, la \u00ab\u00a0Pneumosocle\u00a0\u00bb. Cette journ\u00e9e a pour but de pr\u00e9senter la Soci\u00e9t\u00e9 de [&hellip;]<\/p>\n","protected":false},"author":1,"featured_media":0,"parent":0,"menu_order":0,"comment_status":"closed","ping_status":"closed","template":"","meta":{"_seopress_robots_primary_cat":"","_seopress_titles_title":"","_seopress_titles_desc":"","_seopress_robots_index":"","_monsterinsights_skip_tracking":false,"_monsterinsights_sitenote_active":false,"_monsterinsights_sitenote_note":"","_monsterinsights_sitenote_category":0,"_themeisle_gutenberg_block_has_review":false,"footnotes":""},"class_list":["post-3752","page","type-page","status-publish","hentry"],"_links":{"self":[{"href":"https:\/\/ajpo2.org\/www\/wp-json\/wp\/v2\/pages\/3752","targetHints":{"allow":["GET"]}}],"collection":[{"href":"https:\/\/ajpo2.org\/www\/wp-json\/wp\/v2\/pages"}],"about":[{"href":"https:\/\/ajpo2.org\/www\/wp-json\/wp\/v2\/types\/page"}],"author":[{"embeddable":true,"href":"https:\/\/ajpo2.org\/www\/wp-json\/wp\/v2\/users\/1"}],"replies":[{"embeddable":true,"href":"https:\/\/ajpo2.org\/www\/wp-json\/wp\/v2\/comments?post=3752"}],"version-history":[{"count":7,"href":"https:\/\/ajpo2.org\/www\/wp-json\/wp\/v2\/pages\/3752\/revisions"}],"predecessor-version":[{"id":4224,"href":"https:\/\/ajpo2.org\/www\/wp-json\/wp\/v2\/pages\/3752\/revisions\/4224"}],"wp:attachment":[{"href":"https:\/\/ajpo2.org\/www\/wp-json\/wp\/v2\/media?parent=3752"}],"curies":[{"name":"wp","href":"https:\/\/api.w.org\/{rel}","templated":true}]}}